{"id":3,"date":"2020-04-03T13:55:16","date_gmt":"2020-04-03T13:55:16","guid":{"rendered":"https:\/\/ecs.homedns.org\/wordpress\/?page_id=3"},"modified":"2020-06-15T18:54:13","modified_gmt":"2020-06-15T16:54:13","slug":"privacy-policy","status":"publish","type":"page","link":"https:\/\/edt.blogdns.net\/wordpress\/privacy-policy\/","title":{"rendered":"Politique de confidentialit\u00e9"},"content":{"rendered":"\n<h2 class=\"wp-block-heading\">Qui nous sommes<\/h2>\n\n\n\n<p>Ce site \u00ab\u00a0ElectroDetour\u00a0\u00bb est un lieu d&rsquo;\u00e9change entre personnes int\u00e9ress\u00e9es par l&rsquo;utilisation de l&rsquo;informatique et son int\u00e9gration dans les produits \u00ab\u00a0tech\u00a0\u00bb utilis\u00e9s dans la vie quotidienne.<\/p>\n\n\n\n<p>Je suis  Marc Taviaux, cr\u00e9ateur et administrateur de ce site, retrait\u00e9 et hobbyiste (Photographe num\u00e9rique amateur, r\u00e9trofiteur d&rsquo;\u00e9quipements informatiques, etc..). Dans ma vie active j&rsquo;\u00e9tais consultant dans le domaine de la certification CE d&rsquo;\u00e9quipements industriels. C&rsquo;est durant cette p\u00e9riode que j&rsquo;ai eu \u00e0 conseiller de nombreux constructeurs (principalement d&rsquo;Am\u00e9rique du Nord) sur la conception et la construction d&rsquo;\u00e9quipements destin\u00e9s \u00e0 \u00eatre utilis\u00e9s en Europe. L&rsquo;int\u00e9gration de l&rsquo;informatique dans la conception des syst\u00e8mes de commande et son influence sur la s\u00e9curit\u00e9 des utilisateurs fut un des gros sujets de d\u00e9bat (et parfois de conflit) entre les ing\u00e9nieurs des fabricants et moi-m\u00eame. <\/p>\n\n\n\n<p>L&rsquo;adresse de ce site est: https:\/\/edt.blogdns.net\/wordpress.<\/p>\n\n\n\n<h2 class=\"wp-block-heading\"> Utilisation des donn\u00e9es personnelles collect\u00e9es  <\/h2>\n\n\n\n<h3 class=\"wp-block-heading\">Commentaires<\/h3>\n\n\n\n<p>Quand vous laissez un commentaire sur notre site web, les donn\u00e9es \ninscrites dans le formulaire de commentaire, mais aussi votre adresse IP\n et l\u2019agent utilisateur de votre navigateur sont collect\u00e9s pour nous \naider \u00e0 la d\u00e9tection des commentaires ind\u00e9sirables.<\/p>\n\n\n\n<p>Une cha\u00eene \nanonymis\u00e9e cr\u00e9\u00e9e \u00e0 partir de votre adresse de messagerie (\u00e9galement \nappel\u00e9e hash) peut \u00eatre envoy\u00e9e au service Gravatar pour v\u00e9rifier si \nvous utilisez ce dernier. Les clauses de confidentialit\u00e9 du service \nGravatar sont disponibles ici&nbsp;: https:\/\/automattic.com\/privacy\/. Apr\u00e8s \nvalidation de votre commentaire, votre photo de profil sera visible \npubliquement \u00e0 cot\u00e9 de votre commentaire.<\/p>\n\n\n\n<h3 class=\"wp-block-heading\">M\u00e9dias<\/h3>\n\n\n\n<p> Si vous \u00eates un utilisateur ou une utilisatrice enregistr\u00e9\u00b7e et que vous  t\u00e9l\u00e9versez des images sur le site web, nous vous conseillons d\u2019\u00e9viter de  t\u00e9l\u00e9verser des images contenant des donn\u00e9es EXIF de coordonn\u00e9es GPS.  Les visiteurs de votre site web peuvent t\u00e9l\u00e9charger et extraire des  donn\u00e9es de localisation depuis ces images. <\/p>\n\n\n\n<h3 class=\"wp-block-heading\">Cookies<\/h3>\n\n\n\n<p>Si vous d\u00e9posez un \ncommentaire sur notre site, il vous sera propos\u00e9 d\u2019enregistrer votre \nnom, adresse de messagerie et site web dans des cookies. C\u2019est \nuniquement pour votre confort afin de ne pas avoir \u00e0 saisir ces \ninformations si vous d\u00e9posez un autre commentaire plus tard. Ces cookies\n expirent au bout d\u2019un an.<\/p>\n\n\n\n<p>Si vous vous rendez sur la page de \nconnexion, un cookie temporaire sera cr\u00e9\u00e9 afin de d\u00e9terminer si votre \nnavigateur accepte les cookies. Il ne contient pas de donn\u00e9es \npersonnelles et sera supprim\u00e9 automatiquement \u00e0 la fermeture de votre \nnavigateur.<\/p>\n\n\n\n<p>Lorsque vous vous connecterez, nous mettrons en place \nun certain nombre de cookies pour enregistrer vos informations de \nconnexion et vos pr\u00e9f\u00e9rences d\u2019\u00e9cran. La dur\u00e9e de vie d\u2019un cookie de \nconnexion est de deux jours, celle d\u2019un cookie d\u2019option d\u2019\u00e9cran est d\u2019un\n an. Si vous cochez \u00ab&nbsp;Se souvenir de moi&nbsp;\u00bb, votre cookie de connexion \nsera conserv\u00e9 pendant deux semaines. Si vous vous d\u00e9connectez de votre \ncompte, le cookie de connexion sera effac\u00e9.<\/p>\n\n\n\n<p>En modifiant ou en \npubliant une publication, un cookie suppl\u00e9mentaire sera enregistr\u00e9 dans \nvotre navigateur. Ce cookie ne comprend aucune donn\u00e9e personnelle. Il \nindique simplement l\u2019ID de la publication que vous venez de modifier. Il\n expire au bout d\u2019un jour.<\/p>\n\n\n\n<h3 class=\"wp-block-heading\">Contenus int\u00e9gr\u00e9s depuis d&rsquo;autres sites <\/h3>\n\n\n\n<p>Les articles de ce \nsite peuvent inclure des contenus int\u00e9gr\u00e9s (par exemple des vid\u00e9os, \nimages, articles\u2026). Le contenu int\u00e9gr\u00e9 depuis d\u2019autres sites se comporte\n de la m\u00eame mani\u00e8re que si le visiteur se rendait sur cet autre site.<\/p>\n\n\n\n<p>Ces\n sites web pourraient collecter des donn\u00e9es sur vous, utiliser des \ncookies, embarquer des outils de suivis tiers, suivre vos interactions \navec ces contenus embarqu\u00e9s si vous disposez d\u2019un compte connect\u00e9 sur \nleur site web.<\/p>\n\n\n\n<h2 class=\"wp-block-heading\">Utilisation et transmission de vos donn\u00e9es personnelles <\/h2>\n\n\n\n<p>Nous ne partageons  vos donn\u00e9es avec personne.<\/p>\n\n\n\n<h2 class=\"wp-block-heading\">Dur\u00e9e de stockage de vos donn\u00e9es<\/h2>\n\n\n\n<p>Si vous laissez un commentaire, le commentaire et ses m\u00e9tadonn\u00e9es  sont conserv\u00e9s ind\u00e9finiment. Cela permet de reconna\u00eetre et approuver  automatiquement les commentaires suivants au lieu de les laisser dans la  file de mod\u00e9ration.<\/p>\n\n\n\n<p>Pour les utilisateurs et utilisatrices qui \ns\u2019enregistrent sur notre site (si cela est possible), nous stockons \n\u00e9galement les donn\u00e9es personnelles indiqu\u00e9es dans leur profil. Tous les \nutilisateurs et utilisatrices peuvent voir, modifier ou supprimer leurs \ninformations personnelles \u00e0 tout moment (\u00e0 l\u2019exception de leur nom \nd\u2019utilisateur\u00b7ice). Les gestionnaires du site peuvent aussi voir et \nmodifier ces informations.<\/p>\n\n\n\n<h2 class=\"wp-block-heading\">Les droits que vous avez sur vos donn\u00e9es<\/h2>\n\n\n\n<p> Si vous avez un compte ou si vous avez laiss\u00e9 des commentaires sur le  site, vous pouvez demander \u00e0 recevoir un fichier contenant toutes les  donn\u00e9es personnelles que nous poss\u00e9dons \u00e0 votre sujet, incluant celles  que vous nous avez fournies. Vous pouvez \u00e9galement demander la  suppression des donn\u00e9es personnelles vous concernant. Cela ne prend pas  en compte les donn\u00e9es stock\u00e9es \u00e0 des fins administratives, l\u00e9gales ou  pour des raisons de s\u00e9curit\u00e9. <\/p>\n\n\n\n<h2 class=\"wp-block-heading\">Ou sont envoy\u00e9es vos donn\u00e9es<\/h2>\n\n\n\n<p> Les commentaires des visiteurs peuvent \u00eatre v\u00e9rifi\u00e9s \u00e0 l\u2019aide d\u2019un  service automatis\u00e9 de d\u00e9tection des commentaires ind\u00e9sirables. <\/p>\n\n\n\n<h2 class=\"wp-block-heading\">Informations de contact<\/h2>\n\n\n\n<p>Pour les  demandes concernant la vie priv\u00e9e:<\/p>\n\n\n\n<p>marc.taviaux@gmail.com<\/p>\n","protected":false},"excerpt":{"rendered":"<p>Qui nous sommes Ce site \u00ab\u00a0ElectroDetour\u00a0\u00bb est un lieu d&rsquo;\u00e9change entre personnes int\u00e9ress\u00e9es par l&rsquo;utilisation de l&rsquo;informatique et son int\u00e9gration dans les produits \u00ab\u00a0tech\u00a0\u00bb utilis\u00e9s dans la vie quotidienne. Je suis Marc Taviaux, cr\u00e9ateur et administrateur de ce site, retrait\u00e9 et hobbyiste (Photographe num\u00e9rique amateur, r\u00e9trofiteur d&rsquo;\u00e9quipements informatiques, etc..). Dans ma vie active j&rsquo;\u00e9tais consultant &hellip; <a href=\"https:\/\/edt.blogdns.net\/wordpress\/privacy-policy\/\" class=\"more-link\">Continuer la lecture<span class=\"screen-reader-text\"> de &laquo;&nbsp;Politique de confidentialit\u00e9&nbsp;&raquo;<\/span><\/a><\/p>\n","protected":false},"author":1,"featured_media":0,"parent":0,"menu_order":0,"comment_status":"closed","ping_status":"open","template":"","meta":{"_uag_custom_page_level_css":"","footnotes":""},"class_list":["post-3","page","type-page","status-publish","hentry"],"uagb_featured_image_src":{"full":false,"thumbnail":false,"medium":false,"medium_large":false,"large":false,"1536x1536":false,"2048x2048":false,"post-thumbnail":false},"uagb_author_info":{"display_name":"marc","author_link":"https:\/\/edt.blogdns.net\/wordpress\/author\/marc_taviaux\/"},"uagb_comment_info":0,"uagb_excerpt":"Qui nous sommes Ce site \u00ab\u00a0ElectroDetour\u00a0\u00bb est un lieu d&rsquo;\u00e9change entre personnes int\u00e9ress\u00e9es par l&rsquo;utilisation de l&rsquo;informatique et son int\u00e9gration dans les produits \u00ab\u00a0tech\u00a0\u00bb utilis\u00e9s dans la vie quotidienne. Je suis Marc Taviaux, cr\u00e9ateur et administrateur de ce site, retrait\u00e9 et hobbyiste (Photographe num\u00e9rique amateur, r\u00e9trofiteur d&rsquo;\u00e9quipements informatiques, etc..). Dans ma vie active j&rsquo;\u00e9tais consultant\u2026","_links":{"self":[{"href":"https:\/\/edt.blogdns.net\/wordpress\/wp-json\/wp\/v2\/pages\/3","targetHints":{"allow":["GET"]}}],"collection":[{"href":"https:\/\/edt.blogdns.net\/wordpress\/wp-json\/wp\/v2\/pages"}],"about":[{"href":"https:\/\/edt.blogdns.net\/wordpress\/wp-json\/wp\/v2\/types\/page"}],"author":[{"embeddable":true,"href":"https:\/\/edt.blogdns.net\/wordpress\/wp-json\/wp\/v2\/users\/1"}],"replies":[{"embeddable":true,"href":"https:\/\/edt.blogdns.net\/wordpress\/wp-json\/wp\/v2\/comments?post=3"}],"version-history":[{"count":18,"href":"https:\/\/edt.blogdns.net\/wordpress\/wp-json\/wp\/v2\/pages\/3\/revisions"}],"predecessor-version":[{"id":452,"href":"https:\/\/edt.blogdns.net\/wordpress\/wp-json\/wp\/v2\/pages\/3\/revisions\/452"}],"wp:attachment":[{"href":"https:\/\/edt.blogdns.net\/wordpress\/wp-json\/wp\/v2\/media?parent=3"}],"curies":[{"name":"wp","href":"https:\/\/api.w.org\/{rel}","templated":true}]}}